en 76 is divided by p.
22
Calculate the remainder when 326 is divided by ((-81)/486 - 1910/(-12)) + 4*-1.
16
Let h = 154 - 36. Calculate the remainder when h is divided by ((-56)/40 - -3)*-5 - -38.
28
Let s(y) = -y**3 - 4*y**2 - 3*y - 7. Suppose 3*z - 27 - 12 = -u, 0 = 4*z + u - 52. Calculate the remainder when s(-5) is divided by z.
7
Let o(n) = 100*n**2 - 12*n - 6. Let q be o(-3). Suppose 210 = d + 4*v, -v + q = 5*d - 5*v. Calculate the remainder when d is divided by 64.
62
Let d = 7538 + -7441. Calculate the remainder when 1256 is divided by d.
92
Let r = -587 + 591. Suppose -k - 45 = -4*t - 121, 0 = -k. Let h = -10 - t. What is the remainder when h is divided by r?
1
Let a(k) = 45*k - 231. Calculate the remainder when 374 is divided by a(6).
23
Suppose -20*z + 156 = -7*z. Let q(y) = y + 147. Calculate the remainder when q(z) is divided by 7.
5
Let c(r) = -2*r + 19. Let v(z) = -5*z + 56. Let i(w) = -11*c(w) + 4*v(w). Let y be i(-8). Let l = 10 + y. What is the remainder when 44 is divided by l?
8
Suppose -4*b = -713 + 137. Let v = b + -112. Let f = -99 - -288. What is the remainder when f is divided by v?
29
Let u be -1 + 139 - (-12)/6. Suppose 148*t - u*t = 96. What is the remainder when 41 is divided by t?
5
Let c(p) = 20*p + 269. Let y be c(-10). Suppose y*n - 44 = 58*n. Calculate the remainder when 20 is divided by n.
0
Let n(k) = 27*k + 6. Suppose -20*l - 7 + 106 = -621. Calculate the remainder when n(5) is divided by l.
33
Suppose -15*c + 4*z + 96 = -12*c, -120 = -3*c - 4*z. Suppose 7*l = c*l - 1537. Let x = 17 - 6. Calculate the remainder when l is divided by x.
9
Suppose -13*i = -8*i - f - 447, i + 4*f - 102 = 0. What is the remainder when 747 is divided by i?
27
Suppose 4*u = q + 60, 0 = -2*u - q + 17 + 7. Suppose 4*x - u = x - 5*a, -5*x = -3*a - 80. What is the remainder when 76 is divided by x?
11
Let g(v) = 4*v**2 - 4*v**2 + 27*v + 3 + 4*v**2 - 28*v. Let a = -91 + 128. Calculate the remainder when g(-5) is divided by a.
34
Suppose f - 3 + 7 = 5*z, -z = f + 4. Suppose 3*t - 11 - 58 = z. Let x(g) = -21*g + 3. What is the remainder when x(-3) is divided by t?
20
What is the remainder when 86/(-301) + -1 + 5413/7 is divided by 254?
10
Suppose 147*j - 270*j = -984. Suppose 12 = -3*k - 3, 3*o - 4*k - 326 = 0. Calculate the remainder when o is divided by j.
6
Suppose -5*u + 5*d = -265 - 120, 0 = -3*u + 4*d + 233. Let m = -25401 + 25414. What is the remainder when u is divided by m?
10
Let c(x) = -21*x + 143. Let o be c(4). Let i(m) = -103*m - 4. Let n be i(-3). Suppose -7*d + n + o = 0. What is the remainder when d is divided by 18?
16
Let u(s) = 2*s**2 + s + 21. Suppose 5*p = 0, 4*v - 12 + 0 = -p. Suppose -184 = -v*x - x. Calculate the remainder when u(11) is divided by x.
44
Suppose -12*d + 2886 + 186 = -0*d. Calculate the remainder when d is divided by 139.
117
Suppose 3*g - 5*y = 969, 7*g - 10*g = -4*y - 966. Let a(c) = 84*c**2 + 2*c - 1. What is the remainder when a(1) is divided by g/11 + 10/110?
27
Suppose 3*b = -5123 + 6092. What is the remainder when b is divided by 21?
8
Let c be (-2)/(-1) + (4 + -3)*14. Suppose -c*q + 2240 = -2*q. What is the remainder when q is divided by 9?
7
Suppose -22*z + 90 = 14*z - 26*z. Calculate the remainder when 747 is divided by z.
0
Let z(v) = 8*v**2 - 16*v + 71. Let x be z(4). Suppose 49*i = 52*i - x. Suppose 0 = -2*p + 3*p - 23. Calculate the remainder when i is divided by p.
22
Suppose 3*g + 2 = -1, -32 = -3*u + 2*g. Let c(m) = 23*m - 3. Let w be c(12). Suppose 0 = 6*q - 13*q + w. What is the remainder when q is divided by u?
9
Let f(n) = n**3 - 4*n**2 + 2. What is the remainder when 35 - 2*(-4 + 6) is divided by f(5)?
4
Let l = -8 - -23. Let s be (5 + 0)*(7 + -5). What is the remainder when 30 - 15/s*2 is divided by l?
12
Let t be (23 + -1*8/2)*-1. Let y(f) = f**3 + 20*f**2 + 15*f - 37. What is the remainder when 76 is divided by y(t)?
37
Suppose 121*h - 4853 = -90*h. What is the remainder when 229 is divided by h?
22
Calculate the remainder when 319/145 + 433752/40 is divided by 70.
66
Let u be (4408/(-4) - -4)*-1. Suppose 17*o - u = -o. Let h = -51 + o. Calculate the remainder when 35 is divided by h.
5
Suppose 0 = 9*t + 246 + 717. Let u = t + 151. Let k = 61 - u. Calculate the remainder when 47 is divided by k.
13
Suppose -22*a + 136 = -14*a. Suppose b + 5*n - 6 - a = 0, -2*b + 51 = 5*n. Calculate the remainder when 124 is divided by b.
12
Let r(v) = 2*v - 23. Let f be r(13). Suppose 5*a - 53 = -g + 92, a - f = 0. Calculate the remainder when g is divided by 19.
16
Let s(p) = -p**3 + 14*p**2 - 12*p - 137. Calculate the remainder when 742 is divided by s(11).
84
Let m = -17204 - -17238. What is the remainder when 704 is divided by m?
24
Let f = -456 + 476. Calculate the remainder when 48 is divided by f.
8
Suppose 48*l - 18*l - 240 = 10*l. What is the remainder when 416 is divided by l?
8
Let r(c) = 85*c - 6. Let o be r(2). Suppose -5*i + 240 = -5*y, 4*y - 5*i + 29 = -o. Let s = 52 + y. Calculate the remainder when 9 is divided by s.
4
Let n(f) = 11*f**2 + 4*f + 1. Let p(d) = 12*d**2 - 117*d - 11. Calculate the remainder when n(3) is divided by p(10).
17
Let r(t) = -t**2 + 10*t + 26. Let z be r(-2). Suppose 2*k = -b + 15, 3*b + z = 2*k - 9. What is the remainder when 37 is divided by k?
2
Let h(i) = 0*i + 3*i + 0*i + 21. Suppose -2*d = -0*a - 4*a - 12, 0 = a - 5*d - 15. What is the remainder when 7 is divided by h(a)?
1
Suppose -3*u - 18*u = -84. Let c(s) = -s**3 + 9*s**2 + 4*s - 9. Suppose 0 = v + 1 - 19. Calculate the remainder when c(u) is divided by v.
15
Suppose -q + 9 = 6. Suppose q*c + 2*v - 161 = 0, -5*v - 10 + 0 = 0. Let t = -50 + c. What is the remainder when 12 is divided by t?
2
Let x(w) = 2*w**2 + 4*w - 7. Calculate the remainder when (-508)/(-16) + 6/(-8) + 0 is divided by x(-4).
4
Let o = -78059 - -78186. Let d = 19 + 24. What is the remainder when o is divided by d?
41
Let w = -6626 + 6715. Let n be 2/3 + 1344/9. Suppose 0 = -4*o + i + 123, o - 6*o = -5*i - n. What is the remainder when w is divided by o?
27
Let f = 28 - 25. Let l(x) = f*x + x - 17*x**2 + 2*x**3 + 3*x + 10. What is the remainder when l(9) is divided by 52?
50
Suppose -5*s - 335 = -0*s. Suppose 3*n - 230 = 15*r - 14*r, 4*n - 332 = -5*r. Let b = s + n. What is the remainder when 43 is divided by b?
10
Suppose -q = 3*m - 5, -2*m + 4*q = 7*q - 1. Suppose m*s = -2*s + 656. What is the remainder when s is divided by 14?
10
Let v(m) = -34*m. Let d(l) = l - 6. Let g be d(5). Let i = -102 - -120. Calculate the remainder when v(g) is divided by i.
16
Let c(p) = p + 30. Let m be c(16). Let k = -9 - -14. Suppose -m - 469 = -k*t. Calculate the remainder when t is divided by 21.
19
Let n(j) = -189*j - 2520. What is the remainder when 222 is divided by n(-14)?
96
Suppose 64*r = -694 + 4278. What is the remainder when 241 is divided by r?
17
Let f(t) = -5*t**2 - 108*t + 213. What is the remainder when 2442 is divided by f(-23)?
50
Let a(u) = -2*u + 2. Let i(v) = 56*v - 121. Let p(t) = 6*a(t) + i(t). Calculate the remainder when 119 is divided by p(3).
4
Suppose -11*n + 23*n - 168 = 0. Calculate the remainder when (2*(n - 17))/(4/(-18)) is divided by 3.
0
Let t(m) = -5*m**2 - 105*m - 21. Calculate the remainder when 588 is divided by t(-20).
35
Let u(p) = 2*p**2 + 3*p - 1. Calculate the remainder when (-1301 + 26 + 6)*(-1)/3 is divided by u(-6).
52
Suppose -7*w + 9*w - 2*b = 554, -b + 1355 = 5*w. Calculate the remainder when 546 is divided by w.
2
Suppose 5*s = -40*c + 35*c + 1610, -2*c - 5*s + 653 = 0. Calculate the remainder when c is divided by 78.
7
Suppose d = -71*l + 75*l + 56, 5*d - 322 = -l. Let t(p) = 18*p - 1. Suppose -2*a = -4*x - a - 1, 4*a = 20. What is the remainder when d is divided by t(x)?
13
Let r be 2/((-634)/212 + 3). Let h = r + -182. What is the remainder when 147 is divided by h?
27
Suppose 62*c - 59*c + 75 = 0. Let t = 113 + c. What is the remainder when t is divided by 9?
7
Suppose 0 = -4*h + 3 + 9. Suppose -c + 4 - 3 = -r, 5*r - 4*c + h = 0. Let a(q) = 14*q - 5. Calculate the remainder when a(r) is divided by 4.
1
Suppose -36*x = -34*x. Suppose -3*h - 22 + 100 = x. Calculate the remainder when 116 is divided by h.
12
Calculate the remainder when (-32)/(12/(-504)*3) is divided by 3.
1
Suppose 4